12)). Suppose 6*s - t*s - 48 = 0. What is the highest common divisor of s and 36?
12
Let p(o) = 39*o**2 - 300*o + 299. Let g be p(1). Suppose -3*k + 184 = 5*y, 5*k - 144 = -4*y + k. What is the highest common factor of g and y?
38
Suppose 3*o - 1 = 2, 4*o = 4*g + 316. Let z = -31 - g. Suppose -6*y = y - 2632. Calculate the greatest common factor of z and y.
47
Suppose -63*z - 55 = -74*z. Let c(d) = 30*d**2 - 54. Let m be c(z). What is the greatest common factor of 87 and m?
87
Suppose k - 4*d = 3, k + 4*d = -k + 18. Suppose -k*u = 8 - 1. Let r(l) = -289*l - 3. Let o be r(u). What is the highest common divisor of o and 26?
26
Suppose -2*q + 77 = 5*o, -5*o - 3*q + 4*q + 74 = 0. What is the greatest common divisor of o and 2235?
15
Let k = 1111 - 240. Suppose 4*t = 3*w + 2*w + 705, k = 5*t + 4*w. Let h be (-3)/(-2)*(948/36 + -3). What is the highest common factor of h and t?
35
Suppose 100 = 2*w + j - 0*j, w = -4*j + 57. Let s be 3 + -10 + 9 + w. What is the greatest common factor of s and 17?
17
Suppose 386*y - 230 + 24 - 180 = 0. Calculate the highest common divisor of y and 639.
1
Let m be (-100)/(-75)*(-69)/2. Let b be m/(-10) + (-4 - 22/(-5)). What is the greatest common divisor of 85 and b?
5
Suppose -4*x + h - 372 = 0, -2*x + 20 = -2*h + 206. Let o = 105 + x. What is the greatest common divisor of 444 and o?
12
Let a be ((-132384)/(-23640))/(-2 - (-107)/50). Let n be 2/6 - (-3479)/3. Calculate the highest common factor of n and a.
40
Let y = 305 + -255. Suppose -y*t + 45*t + 55 = 0. Let q = 24 + -2. What is the greatest common factor of q and t?
11
Let f = -101 - 106. Let k = -148 - f. Calculate the greatest common factor of 649 and k.
59
Suppose -7*r + 232 = -13. Let w = r - 13. Calculate the highest common factor of 198 and w.
22
Suppose -5 = -5*a - k, 7 = 4*a + 2*k - 3. Suppose a = 7*f - 223 + 83. What is the highest common factor of 65 and f?
5
Let z(g) = 12*g**2 + 8*g - 4. Suppose -8*t = -11 - 5. Suppose t*s = -2*o - 6, -o + s - 2 = 1. Let q be z(o). What is the greatest common divisor of q and 10?
10
Suppose -259*x + 484379 - 11934 + 73527 = 0. What is the highest common divisor of x and 340?
68
Suppose 0 = -2*p - d + 99, 2*p - 3*d + 150 = 5*p. Let o = p + -33. Let x = 14 + 162. Calculate the greatest common divisor of x and o.
16
Suppose -4*s - u = -233, 36*s + 5*u = 32*s + 205. Suppose 933 = 5*g - 1167. Calculate the highest common factor of s and g.
60
Let z be -2*-1*1/2. Let m be -26*-1*1/z. Let r be (-8307)/284*(-8)/6. What is the greatest common divisor of m and r?
13
Let g be 1 - (6 + 1 + 15). Let s = -7 - g. Calculate the highest common divisor of s and 140.
14
Suppose -2*h - m + 168 = 0, -25 + 347 = 4*h - 5*m. Let s = h - -126. Calculate the highest common factor of s and 33.
11
Suppose -94 + 13 = -27*c. Suppose v - 24 = 2*d, -v + 5*v - 41 = -c*d. What is the greatest common factor of v and 126?
14
Suppose 22*q + 3 = 47. Suppose 4*g - 42 - 26 = 0. Suppose 3*u - g + 8 = 0. What is the highest common divisor of u and q?
1
Let x(s) = 2*s**2 - 5*s - 12. Let p = 227 - 220. Let g be x(p). Calculate the greatest common divisor of 17 and g.
17
Suppose -4*f = -p - 2, 8*f - 3*f + 3*p + 6 = 0. Suppose f = -7*m - 14*m + 7728. Calculate the highest common divisor of 46 and m.
46
Let l(u) = 24*u - 6. Let q(f) = f - 1. Let a(v) = l(v) - 10*q(v). Let m be a(-5). Let i be (2*2)/((-88)/m). Calculate the greatest common divisor of 12 and i.
3
Suppose -8*y + y = -609. Suppose -408 = -0*l - 4*l. Let g = l + -44. Calculate the greatest common factor of g and y.
29
Let n(a) = 2*a**2 - a + 1. Suppose 0 = -3*u + 5 - 2. Let l be n(u). Let m be (0 + 0)/l + 1*18. What is the greatest common factor of 90 and m?
18
Let o be 10 - (294/39 + 216/468). What is the highest common divisor of 307 and o?
1
Let p = -62 - -318. Suppose 0 = 17*l - p - 67. Calculate the greatest common divisor of 38 and l.
19
Let z(i) = -2*i**2 + 145*i + 7543. Let c be z(107). Suppose -50 = -q - 18. What is the greatest common divisor of c and q?
32
Suppose 0 = -12*j + 10*j + 14. Suppose -j*y + 4*q = -8*y + 74, 4*y = q + 279. What is the greatest common divisor of y and 30?
10
Let a be (-44)/(-6) + -3 - (-2)/(-6). Let c be (1 - 46/a)*4/2. Let u be (6/9)/((-2)/c). Calculate the highest common divisor of 7 and u.
7
Suppose -545 = -4*r + 175. Suppose -2*a = 2*a - r. Let m = -77860 + 77865. Calculate the highest common divisor of m and a.
5
Suppose 0 = 5*q - 7*q. Suppose -2*o + 659 + 301 = q. What is the greatest common factor of o and 32?
32
Let x be ((-12)/10)/(54/(-2565)). Let p = -111 + x. Let b be p/(-10) - ((-12)/(-5))/6. What is the highest common factor of 4 and b?
1
Let a be 44654/1076*-3*(-2)/9*3. Calculate the highest common factor of 1328 and a.
83
Suppose -2*p - 262*g = -261*g - 338, -4*g = 2*p - 362. Calculate the greatest common factor of p and 726.
33
Suppose -4*w + 11667 = 5*d + 1493, -3 = -3*w. What is the greatest common divisor of 36 and d?
18
Let r be (-6183)/(4/16 - (168/(-32) + 7)). What is the highest common divisor of r and 18?
18
Let f = -7722 - -7908. Calculate the greatest common divisor of f and 30.
6
Let n = -585 - -588. Suppose -2*y = t - 24, n*t - y - 93 = -0*y. What is the greatest common divisor of t and 6?
6
Let g be ((-2)/(-2) - (-23 + 27)) + 182. Let s = g + -153. What is the greatest common divisor of s and 78?
26
Let t = 81 + -53. Suppose 0 = -2*l - 4*u - 32, -l + 5*u - 1 = 8. Let x be ((-18)/36)/((-1)/(-2))*l. Calculate the highest common factor of x and t.
14
Let s(j) = 81*j - 1200. Let y(w) = 10*w - 150. Let x(k) = 4*s(k) - 33*y(k). Let o be x(20). What is the highest common divisor of 20 and o?
10
Let a(z) = 93*z - 203. Let v be a(6). What is the highest common factor of v and 1349?
71
Suppose 2*b - 5*g = -15, -5 = -34*b + 36*b - 3*g. What is the highest common divisor of b and 4265?
5
Suppose 2*m - 2*j + 10 = 0, m - 3*j + 23 = -3*m. Let c be (-280)/6*30/200*m. Calculate the highest common divisor of 952 and c.
56
Suppose 8320 = 7*l - 3*l. Suppose 10*k = 42*k - l. What is the greatest common divisor of 13 and k?
13
Let t be (3658/6)/((-61)/(-732)). What is the highest common factor of t and 496?
124
Suppose -840 = -4*n - 4*m, 3*n - 1498*m + 1500*m - 629 = 0. What is the highest common factor of n and 1216?
19
Suppose 8*m - 3465 = -5*g + 7*m, -4*g + m + 2772 = 0. Suppose -99 + g = 22*i. Calculate the greatest common factor of i and 387.
9
Let u = 12 + -10. Suppose 0 = -2*s + 90 - 50. Let c be (-3*(-10)/75)/(2/s). Calculate the greatest common factor of c and u.
2
Let k = 6 - 4. Let l = k - -16. Suppose -616*n - 2016 = -630*n. Calculate the highest common factor of l and n.
18
Suppose 12*i = 11*i. Suppose -a + 6 = -2*z, i*a + 4*a = 5*z + 18. Suppose -5 = c, 0 = 2*t + a*t + 3*c - 37. Calculate the greatest common factor of t and 143.
13
Let b(z) be the second derivative of -16*z + 3/2*z**3 - 1/12*z**4 + 0 + 19/2*z**2. Let n be b(9). What is the greatest common divisor of n and 38?
19
Let z(j) be the first derivative of -33*j**4/4 - j - 165. Let q be z(-1). Calculate the greatest common divisor of q and 352.
32
Let c(g) = g + 41. Let r be c(23). Let h(x) = x**2 + 3*x - 10. Let v be h(-8). Let f be 14/3*v/35. What is the highest common factor of r and f?
4
Suppose 7*o - 81 = 10*o. Let j(a) = -a**2 + 6*a + 4. Let x be j(9). Let t = x - o. What is the highest common factor of 12 and t?
4
Let j be (-92)/2*(-17)/34. Suppose j*m = 12*m. Suppose m = -4*x - 2*c - c + 654, 3*x - 501 = 3*c. Calculate the highest common divisor of 66 and x.
33
Let q(s) = -7*s**2 - 314*s + 57. Let n be q(-45). Calculate the highest common factor of n and 228.
12
Suppose i = -4*v + 2747, 2735 = 4*v - 10*i + 7*i. Calculate the highest common divisor of v and 308.
14
Suppose -4*k + 399 = 5*f - 263, -5*k + 665 = 5*f. Let p be 14*(35 - (-21197)/(-658)). Calculate the greatest common divisor of f and p.
13
Suppose 4*w - 4*h - 964 - 48 = 0, -5*w + 3*h = -1259. Let f = -246 + w. Calculate the highest common divisor of 68 and f.
4
Let p = -3488 + 5638. Calculate the greatest common divisor of 50 and p.
50
Let m(a) = -26*a + 2340. Let l be m(82). What is the highest common factor of 26 and l?
26
Let f be (-24)/40 + 12/((-540)/(-1827)). What is the greatest common factor of 2608 and